{"id":25075,"date":"2026-02-11T12:01:32","date_gmt":"2026-02-11T11:01:32","guid":{"rendered":"https:\/\/colorfest.it\/?post_type=artista&#038;p=25075"},"modified":"2026-03-30T12:43:20","modified_gmt":"2026-03-30T10:43:20","slug":"sebastien-tellier-colour-fest-2026","status":"publish","type":"artista","link":"https:\/\/colorfest.it\/fr\/artista\/sebastien-tellier-color-fest-2026\/","title":{"rendered":"S\u00e9bastien Tellier"},"content":{"rendered":"","protected":false},"featured_media":25073,"template":"","giornate":[146],"class_list":["post-25075","artista","type-artista","status-publish","has-post-thumbnail","hentry","giornate-12-agosto-2026"],"acf":[],"yoast_head":"<!-- This site is optimized with the Yoast SEO Premium plugin v27.3 (Yoast SEO v27.4) - https:\/\/yoast.com\/product\/yoast-seo-premium-wordpress\/ -->\n<title>S\u00e9bastien Tellier live al Color Fest | 12 agosto 2026 in Calabria<\/title>\n<meta name=\"description\" content=\"S\u00e9bastien Tellier live al Color Fest 14 il 12 agosto 2026 a Lamezia Terme. L&#039;icona della French Touch presenta Kiss The Beast sulla Riviera dei Tramonti in Calabria.\" \/>\n<meta name=\"robots\" content=\"index, follow, max-snippet:-1, max-image-preview:large, max-video-preview:-1\" \/>\n<link rel=\"canonical\" href=\"https:\/\/colorfest.it\/fr\/artiste\/sebastien-tellier-colour-fest-2026\/\" \/>\n<meta property=\"og:locale\" content=\"fr_FR\" \/>\n<meta property=\"og:type\" content=\"article\" \/>\n<meta property=\"og:title\" content=\"S\u00e9bastien Tellier\" \/>\n<meta property=\"og:description\" content=\"S\u00e9bastien Tellier live al Color Fest 14 il 12 agosto 2026 a Lamezia Terme. L&#039;icona della French Touch presenta Kiss The Beast sulla Riviera dei Tramonti in Calabria.\" \/>\n<meta property=\"og:url\" content=\"https:\/\/colorfest.it\/fr\/artiste\/sebastien-tellier-colour-fest-2026\/\" \/>\n<meta property=\"og:site_name\" content=\"Color Fest - Festival di Musica | 11 - 12 - 13 Agosto 2026 | in Calabria\" \/>\n<meta property=\"article:publisher\" content=\"http:\/\/facebook.com\/colorfestlamezia\/\" \/>\n<meta property=\"article:modified_time\" content=\"2026-03-30T10:43:20+00:00\" \/>\n<meta property=\"og:image\" content=\"https:\/\/colorfest.it\/wp-content\/uploads\/2026\/03\/Sebastien-Tellier-Color-Fest-12-agosto-cover.webp\" \/>\n\t<meta property=\"og:image:width\" content=\"1174\" \/>\n\t<meta property=\"og:image:height\" content=\"783\" \/>\n\t<meta property=\"og:image:type\" content=\"image\/webp\" \/>\n<meta name=\"twitter:card\" content=\"summary_large_image\" \/>\n<meta name=\"twitter:label1\" content=\"Dur\u00e9e de lecture estim\u00e9e\" \/>\n\t<meta name=\"twitter:data1\" content=\"1 minute\" \/>\n<script type=\"application\/ld+json\" class=\"yoast-schema-graph\">{\"@context\":\"https:\\\/\\\/schema.org\",\"@graph\":[{\"@type\":\"WebPage\",\"@id\":\"https:\\\/\\\/colorfest.it\\\/artista\\\/sebastien-tellier-color-fest-2026\\\/\",\"url\":\"https:\\\/\\\/colorfest.it\\\/artista\\\/sebastien-tellier-color-fest-2026\\\/\",\"name\":\"S\u00e9bastien Tellier live al Color Fest | 12 agosto 2026 in Calabria\",\"isPartOf\":{\"@id\":\"https:\\\/\\\/colorfest.it\\\/#website\"},\"primaryImageOfPage\":{\"@id\":\"https:\\\/\\\/colorfest.it\\\/artista\\\/sebastien-tellier-color-fest-2026\\\/#primaryimage\"},\"image\":{\"@id\":\"https:\\\/\\\/colorfest.it\\\/artista\\\/sebastien-tellier-color-fest-2026\\\/#primaryimage\"},\"thumbnailUrl\":\"https:\\\/\\\/colorfest.it\\\/wp-content\\\/uploads\\\/2026\\\/03\\\/Sebastien-Tellier-Color-Fest-12-agosto-cover.webp\",\"datePublished\":\"2026-02-11T11:01:32+00:00\",\"dateModified\":\"2026-03-30T10:43:20+00:00\",\"description\":\"S\u00e9bastien Tellier live al Color Fest 14 il 12 agosto 2026 a Lamezia Terme. L'icona della French Touch presenta Kiss The Beast sulla Riviera dei Tramonti in Calabria.\",\"breadcrumb\":{\"@id\":\"https:\\\/\\\/colorfest.it\\\/artista\\\/sebastien-tellier-color-fest-2026\\\/#breadcrumb\"},\"inLanguage\":\"fr-FR\",\"potentialAction\":[{\"@type\":\"ReadAction\",\"target\":[\"https:\\\/\\\/colorfest.it\\\/artista\\\/sebastien-tellier-color-fest-2026\\\/\"]}]},{\"@type\":\"ImageObject\",\"inLanguage\":\"fr-FR\",\"@id\":\"https:\\\/\\\/colorfest.it\\\/artista\\\/sebastien-tellier-color-fest-2026\\\/#primaryimage\",\"url\":\"https:\\\/\\\/colorfest.it\\\/wp-content\\\/uploads\\\/2026\\\/03\\\/Sebastien-Tellier-Color-Fest-12-agosto-cover.webp\",\"contentUrl\":\"https:\\\/\\\/colorfest.it\\\/wp-content\\\/uploads\\\/2026\\\/03\\\/Sebastien-Tellier-Color-Fest-12-agosto-cover.webp\",\"width\":1174,\"height\":783,\"caption\":\"Sebastien Tellier - Color Fest - 12 agosto cover\"},{\"@type\":\"BreadcrumbList\",\"@id\":\"https:\\\/\\\/colorfest.it\\\/artista\\\/sebastien-tellier-color-fest-2026\\\/#breadcrumb\",\"itemListElement\":[{\"@type\":\"ListItem\",\"position\":1,\"name\":\"Home\",\"item\":\"https:\\\/\\\/colorfest.it\\\/\"},{\"@type\":\"ListItem\",\"position\":2,\"name\":\"S\u00e9bastien Tellier\"}]},{\"@type\":\"WebSite\",\"@id\":\"https:\\\/\\\/colorfest.it\\\/#website\",\"url\":\"https:\\\/\\\/colorfest.it\\\/\",\"name\":\"Color Fest - Festival di Musica | 11 - 12 - 13 Agosto 2026 | in Calabria\",\"description\":\"Color Fest - Festival di Musica, dal 2013 punto di riferimento per la musica dal vivo &gt;&gt; 11 - 12 - 13 Agosto 2026 Lungomare Falcone Borsellino.\",\"publisher\":{\"@id\":\"https:\\\/\\\/colorfest.it\\\/#organization\"},\"alternateName\":\"Color Fest - Festival di Musica | 11 - 12 - 13 Agosto 2026 @Lungomare Falcone Borsellino\",\"potentialAction\":[{\"@type\":\"SearchAction\",\"target\":{\"@type\":\"EntryPoint\",\"urlTemplate\":\"https:\\\/\\\/colorfest.it\\\/?s={search_term_string}\"},\"query-input\":{\"@type\":\"PropertyValueSpecification\",\"valueRequired\":true,\"valueName\":\"search_term_string\"}}],\"inLanguage\":\"fr-FR\"},{\"@type\":\"Organization\",\"@id\":\"https:\\\/\\\/colorfest.it\\\/#organization\",\"name\":\"Che cosa sono le nuvole APS\",\"alternateName\":\"Color Fest\",\"url\":\"https:\\\/\\\/colorfest.it\\\/\",\"logo\":{\"@type\":\"ImageObject\",\"inLanguage\":\"fr-FR\",\"@id\":\"https:\\\/\\\/colorfest.it\\\/#\\\/schema\\\/logo\\\/image\\\/\",\"url\":\"https:\\\/\\\/colorfest.it\\\/wp-content\\\/uploads\\\/2022\\\/03\\\/checosasonolenuvole.png\",\"contentUrl\":\"https:\\\/\\\/colorfest.it\\\/wp-content\\\/uploads\\\/2022\\\/03\\\/checosasonolenuvole.png\",\"width\":952,\"height\":844,\"caption\":\"Che cosa sono le nuvole APS\"},\"image\":{\"@id\":\"https:\\\/\\\/colorfest.it\\\/#\\\/schema\\\/logo\\\/image\\\/\"},\"sameAs\":[\"http:\\\/\\\/facebook.com\\\/colorfestlamezia\\\/\",\"http:\\\/\\\/instagram.com\\\/color_fest_\\\/\",\"https:\\\/\\\/www.linkedin.com\\\/company\\\/color-fest\\\/\"],\"description\":\"Color Fest - Festival di Musica, dal 2013 punto di riferimento per la musica dal vivo >> 11 - 12 - 13 Agosto 2026 Lungomare Falcone Borsellino.\",\"email\":\"scrivi@colorfest.it\",\"legalName\":\"Che cosa sono le nuvole APS\",\"foundingDate\":\"2012-10-12\",\"vatID\":\"03309120792\",\"taxID\":\"92029190797\",\"numberOfEmployees\":{\"@type\":\"QuantitativeValue\",\"minValue\":\"11\",\"maxValue\":\"50\"}}]}<\/script>\n<!-- \/ Yoast SEO Premium plugin. -->","yoast_head_json":{"title":"S\u00e9bastien Tellier en concert au Color Fest le 12 ao\u00fbt 2026 en Calabre, Italie","description":"S\u00e9bastien Tellier en direct au Color Fest 14 le 12 ao\u00fbt 2026 \u00e0 Lamezia Terme. L'ic\u00f4ne de la French Touch pr\u00e9sente Kiss The Beast sur la Riviera dei Tramonti en Calabre.","robots":{"index":"index","follow":"follow","max-snippet":"max-snippet:-1","max-image-preview":"max-image-preview:large","max-video-preview":"max-video-preview:-1"},"canonical":"https:\/\/colorfest.it\/fr\/artiste\/sebastien-tellier-colour-fest-2026\/","og_locale":"fr_FR","og_type":"article","og_title":"S\u00e9bastien Tellier","og_description":"S\u00e9bastien Tellier live al Color Fest 14 il 12 agosto 2026 a Lamezia Terme. L'icona della French Touch presenta Kiss The Beast sulla Riviera dei Tramonti in Calabria.","og_url":"https:\/\/colorfest.it\/fr\/artiste\/sebastien-tellier-colour-fest-2026\/","og_site_name":"Color Fest - Festival di Musica | 11 - 12 - 13 Agosto 2026 | in Calabria","article_publisher":"http:\/\/facebook.com\/colorfestlamezia\/","article_modified_time":"2026-03-30T10:43:20+00:00","og_image":[{"width":1174,"height":783,"url":"https:\/\/colorfest.it\/wp-content\/uploads\/2026\/03\/Sebastien-Tellier-Color-Fest-12-agosto-cover.webp","type":"image\/webp"}],"twitter_card":"summary_large_image","twitter_misc":{"Dur\u00e9e de lecture estim\u00e9e":"1 minute"},"schema":{"@context":"https:\/\/schema.org","@graph":[{"@type":"WebPage","@id":"https:\/\/colorfest.it\/artista\/sebastien-tellier-color-fest-2026\/","url":"https:\/\/colorfest.it\/artista\/sebastien-tellier-color-fest-2026\/","name":"S\u00e9bastien Tellier en concert au Color Fest le 12 ao\u00fbt 2026 en Calabre, Italie","isPartOf":{"@id":"https:\/\/colorfest.it\/#website"},"primaryImageOfPage":{"@id":"https:\/\/colorfest.it\/artista\/sebastien-tellier-color-fest-2026\/#primaryimage"},"image":{"@id":"https:\/\/colorfest.it\/artista\/sebastien-tellier-color-fest-2026\/#primaryimage"},"thumbnailUrl":"https:\/\/colorfest.it\/wp-content\/uploads\/2026\/03\/Sebastien-Tellier-Color-Fest-12-agosto-cover.webp","datePublished":"2026-02-11T11:01:32+00:00","dateModified":"2026-03-30T10:43:20+00:00","description":"S\u00e9bastien Tellier en direct au Color Fest 14 le 12 ao\u00fbt 2026 \u00e0 Lamezia Terme. L'ic\u00f4ne de la French Touch pr\u00e9sente Kiss The Beast sur la Riviera dei Tramonti en Calabre.","breadcrumb":{"@id":"https:\/\/colorfest.it\/artista\/sebastien-tellier-color-fest-2026\/#breadcrumb"},"inLanguage":"fr-FR","potentialAction":[{"@type":"ReadAction","target":["https:\/\/colorfest.it\/artista\/sebastien-tellier-color-fest-2026\/"]}]},{"@type":"ImageObject","inLanguage":"fr-FR","@id":"https:\/\/colorfest.it\/artista\/sebastien-tellier-color-fest-2026\/#primaryimage","url":"https:\/\/colorfest.it\/wp-content\/uploads\/2026\/03\/Sebastien-Tellier-Color-Fest-12-agosto-cover.webp","contentUrl":"https:\/\/colorfest.it\/wp-content\/uploads\/2026\/03\/Sebastien-Tellier-Color-Fest-12-agosto-cover.webp","width":1174,"height":783,"caption":"Sebastien Tellier - Color Fest - 12 agosto cover"},{"@type":"BreadcrumbList","@id":"https:\/\/colorfest.it\/artista\/sebastien-tellier-color-fest-2026\/#breadcrumb","itemListElement":[{"@type":"ListItem","position":1,"name":"Home","item":"https:\/\/colorfest.it\/"},{"@type":"ListItem","position":2,"name":"S\u00e9bastien Tellier"}]},{"@type":"WebSite","@id":"https:\/\/colorfest.it\/#website","url":"https:\/\/colorfest.it\/","name":"Color Fest - Festival de musique | 11 - 12 - 13 ao\u00fbt 2026 | en Calabre","description":"Color Fest - Festival de musique, depuis 2013 un point de r\u00e9f\u00e9rence pour la musique live &gt;&gt; 11 - 12 - 13 ao\u00fbt 2026 Lungomare Falcone Borsellino","publisher":{"@id":"https:\/\/colorfest.it\/#organization"},"alternateName":"Color Fest - Festival di Musica | 11 - 12 - 13 Agosto 2026 @Lungomare Falcone Borsellino","potentialAction":[{"@type":"SearchAction","target":{"@type":"EntryPoint","urlTemplate":"https:\/\/colorfest.it\/?s={search_term_string}"},"query-input":{"@type":"PropertyValueSpecification","valueRequired":true,"valueName":"search_term_string"}}],"inLanguage":"fr-FR"},{"@type":"Organization","@id":"https:\/\/colorfest.it\/#organization","name":"Que sont les nuages APS","alternateName":"Color Fest","url":"https:\/\/colorfest.it\/","logo":{"@type":"ImageObject","inLanguage":"fr-FR","@id":"https:\/\/colorfest.it\/#\/schema\/logo\/image\/","url":"https:\/\/colorfest.it\/wp-content\/uploads\/2022\/03\/checosasonolenuvole.png","contentUrl":"https:\/\/colorfest.it\/wp-content\/uploads\/2022\/03\/checosasonolenuvole.png","width":952,"height":844,"caption":"Che cosa sono le nuvole APS"},"image":{"@id":"https:\/\/colorfest.it\/#\/schema\/logo\/image\/"},"sameAs":["http:\/\/facebook.com\/colorfestlamezia\/","http:\/\/instagram.com\/color_fest_\/","https:\/\/www.linkedin.com\/company\/color-fest\/"],"description":"Color Fest - Festival de musique, depuis 2013 un point de r\u00e9f\u00e9rence pour la musique live &gt;&gt; 11 - 12 - 13 ao\u00fbt 2026 Lungomare Falcone Borsellino","email":"scrivi@colorfest.it","legalName":"Che cosa sono le nuvole APS","foundingDate":"2012-10-12","vatID":"03309120792","taxID":"92029190797","numberOfEmployees":{"@type":"QuantitativeValue","minValue":"11","maxValue":"50"}}]}},"_links":{"self":[{"href":"https:\/\/colorfest.it\/fr\/wp-json\/wp\/v2\/artista\/25075","targetHints":{"allow":["GET"]}}],"collection":[{"href":"https:\/\/colorfest.it\/fr\/wp-json\/wp\/v2\/artista"}],"about":[{"href":"https:\/\/colorfest.it\/fr\/wp-json\/wp\/v2\/types\/artista"}],"wp:featuredmedia":[{"embeddable":true,"href":"https:\/\/colorfest.it\/fr\/wp-json\/wp\/v2\/media\/25073"}],"wp:attachment":[{"href":"https:\/\/colorfest.it\/fr\/wp-json\/wp\/v2\/media?parent=25075"}],"wp:term":[{"taxonomy":"giornate","embeddable":true,"href":"https:\/\/colorfest.it\/fr\/wp-json\/wp\/v2\/giornate?post=25075"}],"curies":[{"name":"wp","href":"https:\/\/api.w.org\/{rel}","templated":true}]}}

Sébastien Tellier

<!-- This site is optimized with the Yoast SEO Premium plugin v27.3 (Yoast SEO v27.4) - https://yoast.com/product/yoast-seo-premium-wordpress/ -->
<title>Sébastien Tellier live al Color Fest | 12 agosto 2026 in Calabria</title>
<meta name="description" content="Sébastien Tellier live al Color Fest 14 il 12 agosto 2026 a Lamezia Terme. L&#039;icona della French Touch presenta Kiss The Beast sulla Riviera dei Tramonti in Calabria." />
<meta name="robots" content="index, follow, max-snippet:-1, max-image-preview:large, max-video-preview:-1" />
<link rel="canonical" href="https://colorfest.it/fr/artiste/sebastien-tellier-colour-fest-2026/" />
<meta property="og:locale" content="fr_FR" />
<meta property="og:type" content="article" />
<meta property="og:title" content="Sébastien Tellier" />
<meta property="og:description" content="Sébastien Tellier live al Color Fest 14 il 12 agosto 2026 a Lamezia Terme. L&#039;icona della French Touch presenta Kiss The Beast sulla Riviera dei Tramonti in Calabria." />
<meta property="og:url" content="https://colorfest.it/fr/artiste/sebastien-tellier-colour-fest-2026/" />
<meta property="og:site_name" content="Color Fest - Festival di Musica | 11 - 12 - 13 Agosto 2026 | in Calabria" />
<meta property="article:publisher" content="http://facebook.com/colorfestlamezia/" />
<meta property="article:modified_time" content="2026-03-30T10:43:20+00:00" />
<meta property="og:image" content="https://colorfest.it/wp-content/uploads/2026/03/Sebastien-Tellier-Color-Fest-12-agosto-cover.webp" />
	<meta property="og:image:width" content="1174" />
	<meta property="og:image:height" content="783" />
	<meta property="og:image:type" content="image/webp" />
<meta name="twitter:card" content="summary_large_image" />
<meta name="twitter:label1" content="Durée de lecture estimée" />
	<meta name="twitter:data1" content="1 minute" />
<script type="application/ld+json" class="yoast-schema-graph">{"@context":"https:\/\/schema.org","@graph":[{"@type":"WebPage","@id":"https:\/\/colorfest.it\/artista\/sebastien-tellier-color-fest-2026\/","url":"https:\/\/colorfest.it\/artista\/sebastien-tellier-color-fest-2026\/","name":"Sébastien Tellier live al Color Fest | 12 agosto 2026 in Calabria","isPartOf":{"@id":"https:\/\/colorfest.it\/#website"},"primaryImageOfPage":{"@id":"https:\/\/colorfest.it\/artista\/sebastien-tellier-color-fest-2026\/#primaryimage"},"image":{"@id":"https:\/\/colorfest.it\/artista\/sebastien-tellier-color-fest-2026\/#primaryimage"},"thumbnailUrl":"https:\/\/colorfest.it\/wp-content\/uploads\/2026\/03\/Sebastien-Tellier-Color-Fest-12-agosto-cover.webp","datePublished":"2026-02-11T11:01:32+00:00","dateModified":"2026-03-30T10:43:20+00:00","description":"Sébastien Tellier live al Color Fest 14 il 12 agosto 2026 a Lamezia Terme. L'icona della French Touch presenta Kiss The Beast sulla Riviera dei Tramonti in Calabria.","breadcrumb":{"@id":"https:\/\/colorfest.it\/artista\/sebastien-tellier-color-fest-2026\/#breadcrumb"},"inLanguage":"fr-FR","potentialAction":[{"@type":"ReadAction","target":["https:\/\/colorfest.it\/artista\/sebastien-tellier-color-fest-2026\/"]}]},{"@type":"ImageObject","inLanguage":"fr-FR","@id":"https:\/\/colorfest.it\/artista\/sebastien-tellier-color-fest-2026\/#primaryimage","url":"https:\/\/colorfest.it\/wp-content\/uploads\/2026\/03\/Sebastien-Tellier-Color-Fest-12-agosto-cover.webp","contentUrl":"https:\/\/colorfest.it\/wp-content\/uploads\/2026\/03\/Sebastien-Tellier-Color-Fest-12-agosto-cover.webp","width":1174,"height":783,"caption":"Sebastien Tellier - Color Fest - 12 agosto cover"},{"@type":"BreadcrumbList","@id":"https:\/\/colorfest.it\/artista\/sebastien-tellier-color-fest-2026\/#breadcrumb","itemListElement":[{"@type":"ListItem","position":1,"name":"Home","item":"https:\/\/colorfest.it\/"},{"@type":"ListItem","position":2,"name":"Sébastien Tellier"}]},{"@type":"WebSite","@id":"https:\/\/colorfest.it\/#website","url":"https:\/\/colorfest.it\/","name":"Color Fest - Festival di Musica | 11 - 12 - 13 Agosto 2026 | in Calabria","description":"Color Fest - Festival di Musica, dal 2013 punto di riferimento per la musica dal vivo &gt;&gt; 11 - 12 - 13 Agosto 2026 Lungomare Falcone Borsellino.","publisher":{"@id":"https:\/\/colorfest.it\/#organization"},"alternateName":"Color Fest - Festival di Musica | 11 - 12 - 13 Agosto 2026 @Lungomare Falcone Borsellino","potentialAction":[{"@type":"SearchAction","target":{"@type":"EntryPoint","urlTemplate":"https:\/\/colorfest.it\/?s={search_term_string}"},"query-input":{"@type":"PropertyValueSpecification","valueRequired":true,"valueName":"search_term_string"}}],"inLanguage":"fr-FR"},{"@type":"Organization","@id":"https:\/\/colorfest.it\/#organization","name":"Che cosa sono le nuvole APS","alternateName":"Color Fest","url":"https:\/\/colorfest.it\/","logo":{"@type":"ImageObject","inLanguage":"fr-FR","@id":"https:\/\/colorfest.it\/#\/schema\/logo\/image\/","url":"https:\/\/colorfest.it\/wp-content\/uploads\/2022\/03\/checosasonolenuvole.png","contentUrl":"https:\/\/colorfest.it\/wp-content\/uploads\/2022\/03\/checosasonolenuvole.png","width":952,"height":844,"caption":"Che cosa sono le nuvole APS"},"image":{"@id":"https:\/\/colorfest.it\/#\/schema\/logo\/image\/"},"sameAs":["http:\/\/facebook.com\/colorfestlamezia\/","http:\/\/instagram.com\/color_fest_\/","https:\/\/www.linkedin.com\/company\/color-fest\/"],"description":"Color Fest - Festival di Musica, dal 2013 punto di riferimento per la musica dal vivo >> 11 - 12 - 13 Agosto 2026 Lungomare Falcone Borsellino.","email":"scrivi@colorfest.it","legalName":"Che cosa sono le nuvole APS","foundingDate":"2012-10-12","vatID":"03309120792","taxID":"92029190797","numberOfEmployees":{"@type":"QuantitativeValue","minValue":"11","maxValue":"50"}}]}</script>
<!-- / Yoast SEO Premium plugin. -->

Sébastien Tellier en concert au Color Fest le 12 août 2026 en Calabre, Italie

Sébastien Tellier en direct au Color Fest 14 le 12 août 2026 à Lamezia Terme. L'icône de la French Touch présente Kiss The Beast sur la Riviera dei Tramonti en Calabre.

Sébastien Tellier live al Color Fest 14 il 12 agosto 2026 a Lamezia Terme. L'icona della French Touch presenta Kiss The Beast sulla Riviera dei Tramonti in Calabria.

Color Fest - Festival de musique | 11 - 12 - 13 août 2026 | en Calabre

Color Fest - Festival de musique, depuis 2013 un point de référence pour la musique live &gt;&gt; 11 - 12 - 13 août 2026 Lungomare Falcone Borsellino
